0?
7
What is the tens digit of 259?
5
What is the tens digit of 27296?
9
What is the units digit of 2496?
6
What is the units digit of 6879?
9
What is the hundreds digit of 2579?
5
What is the thousands digit of 59136?
9
What is the units digit of 1469?
9
What is the hundreds digit of 3124?
1
What is the hundreds digit of 14803?
8
What is the units digit of 3873?
3
What is the thousands digit of 1285?
1
What is the thousands digit of 1191?
1
What is the hundreds digit of 29357?
3
What is the units digit of 1896?
6
What is the hundreds digit of 44260?
2
What is the tens digit of 15777?
7
What is the tens digit of 45?
4
What is the hundreds digit of 28500?
5
What is the tens digit of 65602?
0
What is the hundreds digit of 268?
2
What is the units digit of 140758?
8
What is the units digit of 625?
5
What is the ten thousands digit of 12758?
1
What is the hundreds digit of 1738?
7
What is the hundreds digit of 1489?
4
What is the tens digit of 3479?
7
What is the units digit of 18155?
5
What is the thousands digit of 1008?
1
What is the units digit of 807?
7
What is the units digit of 1203?
3
What is the units digit of 6416?
6
What is the hundreds digit of 40506?
5
What is the tens digit of 4276?
7
What is the hundreds digit of 3302?
3
What is the units digit of 36050?
0
What is the hundreds digit of 505?
5
What is the hundred thousands digit of 125012?
1
What is the thousands digit of 5238?
5
What is the units digit of 57089?
9
What is the hundreds digit of 5696?
6
What is the hundreds digit of 829?
8
What is the units digit of 161?
1
What is the units digit of 1207?
7
What is the thousands digit of 4903?
4
What is the thousands digit of 13174?
3
What is the tens digit of 3994?
9
What is the thousands digit of 82824?
2
What is the thousands digit of 45835?
5
What is the units digit of 405?
5
What is the hundreds digit of 28199?
1
What is the ten thousands digit of 38425?
3
What is the tens digit of 11855?
5
What is the hundreds digit of 689?
6
What is the hundreds digit of 28427?
4
What is the units digit of 16933?
3
What is the hundreds digit of 5760?
7
What is the thousands digit of 2767?
2
What is the units digit of 45?
5
What is the units digit of 74748?
8
What is the units digit of 4401?
1
What is the units digit of 441?
1
What is the tens digit of 4743?
4
What is the tens digit of 727?
2
What is the thousands digit of 34050?
4
What is the thousands digit of 23800?
3
What is the units digit of 2246?
6
What is the units digit of 22516?
6
What is the units digit of 9459?
9
What is the units digit of 2920?
0
What is the thousands digit of 144286?
4
What is the hundreds digit of 15994?
9
What is the thousands digit of 47341?
7
What is the tens digit of 12219?
1
What is the hundreds digit of 7447?
4
What is the thousands digit of 14058?
4
What is the thousands digit of 68005?
8
What is the thousands digit of 12945?
2
What is the hundreds digit of 3411?
4
What is the tens digit of 592?
9
What is the hundreds digit of 1327?
3
What is the hundreds digit of 348?
3
What is the thousands digit of 7266?
7
What is the hundreds digit of 1126?
1
What is the units digit of 74997?
7
What is the units digit of 10101?
1
What is the units digit of 2841?
1
What is the units digit of 9777?
7
What is the hundreds digit of 850?
8
What is the units digit of 1090?
0
What is the ten thousands digit of 42467?
4
What is the hundreds digit of 3020?
0
What is the thousands digit of 1607?
1
What is the thousands digit of 24672?
4
What is the ten thousands digit of 25722?
2
What is the hundreds digit of 172?
1
What is the thousands digit of 2016?
2
What is the ten thousands digit of 48789?
4
What is the units digit of 56909?
9
What is the ten thousands digit of 46615?
4
What is the ten thousands digit of 12885?
1
What is the thousands digit of 10777?
0
What is the hundreds digit of 9397?
3
What is the tens digit of 988?
8
What is the thousands digit of 115505?
5
What is the ten thousands digit of 38198?
3
What is the units digit of 36085?
5
What is the thousands digit of 3108?
3
What is the tens digit of 1071?
7
What is the hundreds digit of 3075?
0
What is the hundreds digit of 56138?
1
What is the hundreds digit of 534?
5
What is the units digit of 66999?
9
What is the thousands digit of 3396?
3
What is the tens digit of 34361?
6
What is the tens digit of 1025?
2
What is the tens digit of 770?
7
What is the thousands digit of 1397?
1
What is the thousands digit of 84391?
4
What is the units digit of 2219?
9
What is the tens digit of 18616?
1
What is the hundreds digit of 2889?
8
What is the hundreds digit of 76354?
3
What is the thousands digit of 5169?
5
What is the ten thousands digit of 21931?
2
What is the thousands digit of 30272?
0
What is the tens digit of 1748?
4
What is the hundreds digit of 27453?
4
What is the hundreds digit of 257?
2
What is the units digit of 69596?
6
What is the tens digit of 7356?
5
What is the units digit of 4692?
2
What is the hundreds digit of 14446?
4
What is the hundreds digit of 4950?
9
What is the thousands digit of 21111?
1
What is the tens digit of 1917?
1
What is the units digit of 15932?
2
What is the tens digit of 7392?
9
What is the thousands digit of 113127?
3
What is the ten thousands digit of 66874?
6
What is the thousands digit of 9242?
9
What is the hundreds digit of 1965?
9
What is the thousands digit of 1188?
1
What is the thousands digit of 7436?
7
What is the tens digit of 6122?
2
What is the units digit of 598?
8
What is the units digit of 57676?
6
What is the units digit of 9454?
4
What is the tens digit of 3240?
4
What is the tens digit of 2143?
4
What is the units digit of 2087?
7
What is the thousands digit of 12427?
2
What is the thousands digit of 2008?
2
What is the hundreds digit of 89206?
2
What is the ten thousands digit of 48042?
4
What is the ten thousands digit of 20427?
2
What is the hundreds digit of 315?
3
What is the units digit of 1655?
5
What is the hundreds digit of 728?
7
What is the tens digit of 624?
2
What is the thousands digit of 9552?
9
What is the tens digit of 4339?
3
What is the tens digit of 4155?
5
What is the tens digit of 25725?
2
What is the ten thousands digit of 13240?
1
What is the thousands digit of 14176?
4
What is the hundreds digit of 16244?
2
What is the tens digit of 263?
6
What is the hundreds digit of 17007?
0
What is the hundreds digit of 893?
8
What is the ten thousands digit of 72941?
7
What is the thousands digit of 10126?
0
What is the tens digit of 629?
2
What is the hundred thousands digit of 114843?
1
What is the units digit of 351?
1
What is the units digit of 8621?
1
What is the hundred thousands digit of 122502?
1
What is the tens digit of 74?
7
What is the units digit of 1153?
3
What is the hundreds digit of 197?
1
What is the hundreds digit of 16464?
4
What is the units digit of 11065?
5
What is the hundreds digit of 151892?
8
What is the tens digit of 5829?
2
What is the hundreds digit of 788?
7
What is the ten thousands digit of 43007?
4
What is the units digit of 1924?
4
What is the thousands digit of 119679?
9
What is the hundreds digit of 15672?
6
What is the hundreds digit of 31405?
4
What is the thousands digit of 3638?
3
What is the tens digit of 559?
5
What is the units digit of 1272?
2
What is the thousands digit of 50101?
0
What is the tens digit of 946?
4
What is the thousands digit of 18954?
8
What is the hundreds digit of 4763?
7
What is the thousands digit of 4489?
4
What is the tens digit of 8302?
0
What is the tens digit of 9336?
3
What is the tens digit of 10354?
5
What is the tens digit of 6000?
0
What is the ten thousands digit of 17126?
1
What is the tens digit of 3476?
7
What is the ten thousands digit of 44126?
4
What is the tens digit of 1608?
0
What is the thousands digit of 8810?
8
What is the hundreds digit of 1555?
5
What is the hundreds digit of 952?
9
What is the hundreds digit of 9568?
5
What is the hundreds digit of 810?
8
What is the tens digit of 878?
7
What is the thousands digit of 1523?
1
What is the units digit of 16020?
0
What is the ten thousands digit of 11794?
1
What is the units digit of 111538?
8
What is the tens digit of 62441?
4
What is the tens digit of 1737?
3
What is the hundreds digit of 7778?
7
What is th